at is -40655 + -9?
-40662
In base 6, what is -21304452340 + -1?
-21304452341
In base 16, what is 3fbfd - 118?
3fae5
In base 12, what is -3 + -7b59a9?
-7b59b0
In base 10, what is -1173 + -55723?
-56896
In base 13, what is -497 - 95048?
-95512
In base 12, what is -51 - -274706?
274675
In base 6, what is 24105543355 + -5?
24105543350
In base 10, what is -331235 + 18?
-331217
In base 2, what is 10000100110000101 + 111011101?
10000101101100010
In base 5, what is 121022310 - -10141?
121033001
In base 2, what is 10 + -1011111000000111111101110110?
-1011111000000111111101110100
In base 2, what is 1011101010110 + 111011110101010?
1000111100000000
In base 13, what is 85 + c82ab?
c8363
In base 9, what is 1431 - 4437?
-3006
In base 9, what is 72 - 643016?
-642834
In base 16, what is -e + 671a4?
67196
In base 13, what is 4 + -236b476?
-236b472
In base 4, what is 10212 - 3130031121?
-3130020303
In base 13, what is 37486681 - -4?
37486685
In base 11, what is 100a2a8 + -3?
100a2a5
In base 2, what is -10010110111101111001110011 - 101?
-10010110111101111001111000
In base 7, what is 1216 + 353212?
354431
In base 7, what is 226 + -350115?
-346556
In base 7, what is -10 + 2664266?
2664256
In base 2, what is -1000 - 101100000010000111111?
-101100000010001000111
In base 14, what is 1979 + 58?
19d3
In base 2, what is 10010011101 + -1101101010010000?
-1101010111110011
In base 3, what is -1012 - -22122002101201?
22122002100112
In base 5, what is -313412334214 + 3?
-313412334211
In base 11, what is 2 + -8671633?
-8671631
In base 8, what is -25 + 2061677?
2061652
In base 15, what is -14 + -59ab74?
-59ab88
In base 14, what is 1d2520 - a?
1d2514
In base 14, what is 5 - 71a807?
-71a802
In base 12, what is -56977 + 1008?
-5596b
In base 5, what is 1013132431111 - 10?
1013132431101
In base 7, what is -4625 + -213636?
-221564
In base 12, what is -3 + 1ba185b?
1ba1858
In base 11, what is 52 - 459093?
-459041
In base 5, what is -234304323 + -1?
-234304324
In base 12, what is 5745b + -23?
57438
In base 16, what is 7d039 + -16a?
7cecf
In base 15, what is -23 - 99354?
-99377
In base 15, what is -2ba5e6 + -7?
-2ba5ed
In base 5, what is -202431233 + -223?
-202432011
In base 6, what is 130022 - 32431?
53151
In base 10, what is -6963 + -157?
-7120
In base 15, what is -e - -e3924?
e3915
In base 10, what is 3550504 + 4?
3550508
In base 4, what is 102 - 2101010023?
-2101003321
In base 2, what is 1110001010101000100 + -10011000?
1110001010010101100
In base 10, what is 3697799 + -7?
3697792
In base 10, what is 24512685 + 13?
24512698
In base 13, what is -3041 - -164b?
-16c3
In base 3, what is -10002111200122 + 1122?
-10002111122000
In base 12, what is 1b - -643a97?
643ab6
In base 15, what is -9286 - 8b14?
-12d9a
In base 13, what is -5ccbc4 + -29?
-5ccc20
In base 6, what is -1042223 + -5214?
-1051441
In base 16, what is 1ca50 - -48?
1ca98
In base 13, what is -27bb + -4982?
-7470
In base 4, what is -11120301213 + 100?
-11120301113
In base 7, what is -1450 - -43435?
41655
In base 9, what is 0 - 2278020?
-2278020
In base 4, what is 32020 + -13320233?
-13222213
In base 7, what is 1 + -2312332?
-2312331
In base 15, what is -5 - 40a1a?
-40a20
In base 4, what is 113313030 - -11022?
113330112
In base 15, what is 1ed219d7 - -1?
1ed219d8
In base 10, what is 101292 + -1587?
99705
In base 16, what is -4 + -394c511?
-394c515
In base 8, what is -272 - 50422?
-50714
In base 13, what is -8 + 169ca34a?
169ca342
In base 14, what is -2 - c44a06?
-c44a08
In base 11, what is 31452a647 + -1?
31452a646
In base 15, what is 74 + c3dd3?
c3e57
In base 2, what is 100001101000101111 - 1110101?
100001100110111010
In base 12, what is -406b84a4 + -4?
-406b84a8
In base 15, what is b8 - 242103?
-24203a
In base 9, what is -553720880 - -3?
-553720876
In base 4, what is 3123001122 + 10?
3123001132
In base 8, what is -1723 - 17303?
-21226
In base 4, what is 0 - 102010323303?
-102010323303
In base 3, what is 2120211201 - 200100120?
1220111011
In base 3, what is -10010000221102202 + -11?
-10010000221102220
In base 3, what is 10112 + -11122211022210?
-11122211012021
In base 8, what is 53 - 503464?
-503411
In base 9, what is 26 + -6576025?
-6575888
In base 11, what is -2325 - 6993?
-9208
In base 16, what is 1adb8 - da?
1acde
In base 7, what is 6 + 114613052?
114613061
In base 9, what is 476777 + -122?
476655
In base 12, what is -137 + -66?
-1a1
In base 10, what is 804 - -6628?
7432
In base 16, what is 1 + -aba8b6?
-aba8b5
In base 8, what is 32256171 + -10?
32256161
In base 4, what is 2112112 - 3111200?
-333022
In base 10, what is 33 + 3833068?
3833101
In base 3, what is -1111 - -11000211022100?
11000211020212
In base 8, what is 355 - -133053?
133430
In base 16, what is 4981 + 8cc4?
d645
In base 4, what is -10 + 110230211031?
110230211021
In base 2, what is -101000110 - -1100001100110?
1011100100000
In base 6, what is 3 - 33414340?
-33414333
In base 4, what is 111321 - -211120?
323101
In base 5, what is -4404 - 2421202?
-2431111
In base 16, what is -a5 + -ace7?
-ad8c
In base 5, what is 10 + 3011443110?
3011443120
In base 8, what is 143 + 65406?
65551
In base 10, what is 1240084 + -14?
1240070
In base 6, what is 552443 + -1122?
551321
In base 6, what is 253 + 1250151?
1250444
In base 5, what is -441 - -43312230?
43311234
In base 9, what is 1 + -56764530?
-56764528
In base 11, what is -82 + 238606?
238534
In base 11, what is 782313 + 4a?
782362
In base 8, what is -3 + 715053733?
715053730
In base 8, what is 26031615 - -5?
26031622
In base 16, what is 67907 - -1a?
67921
In base 6, what is 43023 + -4220?
34403
In base 14, what is -55a0 - -126d?
-4331
In base 9, what is -3560805 - 336?
-3561242
In base 3, what is 1221102111 - -210102221?
2201212102
In base 10, what is 141788867 + 3?
141788870
In base 11, what is 1a8 + 25a29?
26126
In base 6, what is 23 - -3415212?
3415235
In base 3, what is -100220222 + 200200202?
22202210
In base 10, what is 4 + -13122099?
-13122095
In base 14, what is -184 - -16379?
161d5
In base 13, what is -258 - 86009?
-86264
In base 6, what is -133250 - 24?
-133314
In base 8, what is 6301301 + 144?
6301445
In base 14, what is -1436a3c8 + 5?
-1436a3c3
In base 2, what is -11 - -101110101000110101111101?
101110101000110101111010
In base 13, what is -a1 + -65164?
-65235
In base 3, what is 102220 + 220222021201?
220222201121
In base 3, what is 112021002 + -1111120101?
-222022022
In base 16, what is a7053 + -15?
a703e
In base 4, what is 122001011001 + -2?
122001010333
In base 8, what is -1 - -1440167326?
1440167325
In base 13, what is -130b0 - -232?
-12b7b
In base 3, what is 10 + 2020112221201?
2020112221211
In base 14, what is -29 + -2010b1?
-2010da
In base 13, what is 6 - 140b69?
-140b63
In base 8, what is -3454 + -227634?
-233310
In base 13, what is 2a + -2602773?
-2602746
In base 13, what is 215042 - -450?
215492
In base 4, what is -133133030 - -120?
-133132310
In base 10, what is 339129 + -1?
339128
In base 6, what is 20 + 3351221344?
3351221404
In base 4, what is 1211121312 - -1132?
1211123110
In base 4, what is -10012312 + 302320?
-3103332
In base 9, what is 3036 - -110126?
113163
In base 10, what is 6422 + -13217?
-6795
In base 8, what is 4 + -2076646?
-2076642
In base 6, what is -23 + 342440502?
342440435
In base 15, what is -4 + -90e17?
-90e1b
In base 2, what is -100 + -1001110010101111010001010101?
-1001110010101111010001011001
In base 9, what is -31614667 - -6?
-31614661
In base 15, what is 136 - -21b796?
21b8cc
In base 14, what is 54920 + 54?
54974
In base 15, what is -1d - -34c474?
34c456
In base 16, what is 0 - -7bb7d1?
7bb7d1
In base 6, what is -120 - -1044555405?
1044555245
In base 16, what is 1be06a7 + -2?
1be06a5
In base 14, what is 3 + 8c81c7?
8c81ca
In base 2, what is -111011110111110 + -1?
-111011110111111
In base 12, what is 1 + -bb554598?
-bb554597
In base 13, what is 1160 + -14254?
-130c4
In base 2, what is -100011101101000111 + 1111101?
-100011101011001010
In base 11, what is -41 - -184835?
1847a4
In base 11, what is 23aa713 + 11?
23aa724
In base 14, what is -3db8 - -8437?
445d
In base 7, what is 20303 + -650460?
-630154
In base 7, what is -2 + 266653512?
266653510
In base 16, what is 28 - 8e349?
-8e321
In base 5, what is -34324 + -12110313?
-12200142
In base 5, what is -222332213 - 3?
-22233